{"id":157,"date":"2017-01-11T21:42:51","date_gmt":"2017-01-11T20:42:51","guid":{"rendered":"http:\/\/boddenstyle.de\/hauer_werbung\/wordpress\/?page_id=157"},"modified":"2017-01-20T13:03:51","modified_gmt":"2017-01-20T12:03:51","slug":"foliendesign","status":"publish","type":"page","link":"https:\/\/www.hauer-werbung.de\/index.php\/foliendesign\/","title":{"rendered":"Fahrzeugwerbung"},"content":{"rendered":"<p>Auf fast jeder glatten Fl\u00e4che l\u00e4sst sich eine Folienbeschriftung anbringen. Ob auf Fahrzeugen, Glas, Plastik, Metall oder Schildern.<\/p>\n<p>Langweilige Glast\u00fcren k\u00f6nnen aufgepeppt oder Schaufenster bzw. Fahrzeuge mit Werbung versehen werden.<\/p>\n<p>Wir verwenden Hochleistungsfolien, die wetter- und lichtbest\u00e4ndig sind damit Sie m\u00f6glichst lange Freude an Ihrer Werbung haben.<\/p>\n<p>&nbsp;<\/p>\n<p><img loading=\"lazy\" decoding=\"async\" class=\"alignleft wp-image-268 size-full\" src=\"http:\/\/boddenstyle.de\/hauer_werbung\/wordpress\/wp-content\/uploads\/2017\/01\/fahrzeugwerbung_01_quer.jpg\" width=\"800\" height=\"190\" srcset=\"https:\/\/www.hauer-werbung.de\/wp-content\/uploads\/2017\/01\/fahrzeugwerbung_01_quer.jpg 800w, https:\/\/www.hauer-werbung.de\/wp-content\/uploads\/2017\/01\/fahrzeugwerbung_01_quer-350x83.jpg 350w, https:\/\/www.hauer-werbung.de\/wp-content\/uploads\/2017\/01\/fahrzeugwerbung_01_quer-300x71.jpg 300w, https:\/\/www.hauer-werbung.de\/wp-content\/uploads\/2017\/01\/fahrzeugwerbung_01_quer-768x182.jpg 768w\" sizes=\"auto, (max-width: 767px) 89vw, (max-width: 1000px) 54vw, (max-width: 1071px) 543px, 580px\" \/><\/p>\n","protected":false},"excerpt":{"rendered":"<p>Auf fast jeder glatten Fl\u00e4che l\u00e4sst sich eine Folienbeschriftung anbringen. Ob auf Fahrzeugen, Glas, Plastik, Metall oder Schildern. Langweilige Glast\u00fcren k\u00f6nnen aufgepeppt oder Schaufenster bzw. Fahrzeuge mit Werbung versehen werden. Wir verwenden Hochleistungsfolien, die wetter- und lichtbest\u00e4ndig sind damit Sie m\u00f6glichst lange Freude an Ihrer Werbung haben. &nbsp;<\/p>\n","protected":false},"author":1,"featured_media":0,"parent":0,"menu_order":0,"comment_status":"closed","ping_status":"closed","template":"","meta":{"ngg_post_thumbnail":0,"footnotes":""},"class_list":["post-157","page","type-page","status-publish","hentry"],"yoast_head":"<!-- This site is optimized with the Yoast SEO plugin v27.4 - https:\/\/yoast.com\/product\/yoast-seo-wordpress\/ -->\n<title>Fahrzeugwerbung - Hauer-Werbung<\/title>\n<meta name=\"robots\" content=\"index, follow, max-snippet:-1, max-image-preview:large, max-video-preview:-1\" \/>\n<link rel=\"canonical\" href=\"https:\/\/www.hauer-werbung.de\/index.php\/foliendesign\/\" \/>\n<meta property=\"og:locale\" content=\"de_DE\" \/>\n<meta property=\"og:type\" content=\"article\" \/>\n<meta property=\"og:title\" content=\"Fahrzeugwerbung - Hauer-Werbung\" \/>\n<meta property=\"og:description\" content=\"Auf fast jeder glatten Fl\u00e4che l\u00e4sst sich eine Folienbeschriftung anbringen. Ob auf Fahrzeugen, Glas, Plastik, Metall oder Schildern. Langweilige Glast\u00fcren k\u00f6nnen aufgepeppt oder Schaufenster bzw. Fahrzeuge mit Werbung versehen werden. Wir verwenden Hochleistungsfolien, die wetter- und lichtbest\u00e4ndig sind damit Sie m\u00f6glichst lange Freude an Ihrer Werbung haben. &nbsp;\" \/>\n<meta property=\"og:url\" content=\"https:\/\/www.hauer-werbung.de\/index.php\/foliendesign\/\" \/>\n<meta property=\"og:site_name\" content=\"Hauer-Werbung\" \/>\n<meta property=\"article:modified_time\" content=\"2017-01-20T12:03:51+00:00\" \/>\n<meta property=\"og:image\" content=\"http:\/\/boddenstyle.de\/hauer_werbung\/wordpress\/wp-content\/uploads\/2017\/01\/fahrzeugwerbung_01_quer.jpg\" \/>\n<meta name=\"twitter:card\" content=\"summary_large_image\" \/>\n<script type=\"application\/ld+json\" class=\"yoast-schema-graph\">{\"@context\":\"https:\\\/\\\/schema.org\",\"@graph\":[{\"@type\":\"WebPage\",\"@id\":\"https:\\\/\\\/www.hauer-werbung.de\\\/index.php\\\/foliendesign\\\/\",\"url\":\"https:\\\/\\\/www.hauer-werbung.de\\\/index.php\\\/foliendesign\\\/\",\"name\":\"Fahrzeugwerbung - Hauer-Werbung\",\"isPartOf\":{\"@id\":\"https:\\\/\\\/www.hauer-werbung.de\\\/#website\"},\"primaryImageOfPage\":{\"@id\":\"https:\\\/\\\/www.hauer-werbung.de\\\/index.php\\\/foliendesign\\\/#primaryimage\"},\"image\":{\"@id\":\"https:\\\/\\\/www.hauer-werbung.de\\\/index.php\\\/foliendesign\\\/#primaryimage\"},\"thumbnailUrl\":\"http:\\\/\\\/boddenstyle.de\\\/hauer_werbung\\\/wordpress\\\/wp-content\\\/uploads\\\/2017\\\/01\\\/fahrzeugwerbung_01_quer.jpg\",\"datePublished\":\"2017-01-11T20:42:51+00:00\",\"dateModified\":\"2017-01-20T12:03:51+00:00\",\"breadcrumb\":{\"@id\":\"https:\\\/\\\/www.hauer-werbung.de\\\/index.php\\\/foliendesign\\\/#breadcrumb\"},\"inLanguage\":\"de\",\"potentialAction\":[{\"@type\":\"ReadAction\",\"target\":[\"https:\\\/\\\/www.hauer-werbung.de\\\/index.php\\\/foliendesign\\\/\"]}]},{\"@type\":\"ImageObject\",\"inLanguage\":\"de\",\"@id\":\"https:\\\/\\\/www.hauer-werbung.de\\\/index.php\\\/foliendesign\\\/#primaryimage\",\"url\":\"http:\\\/\\\/boddenstyle.de\\\/hauer_werbung\\\/wordpress\\\/wp-content\\\/uploads\\\/2017\\\/01\\\/fahrzeugwerbung_01_quer.jpg\",\"contentUrl\":\"http:\\\/\\\/boddenstyle.de\\\/hauer_werbung\\\/wordpress\\\/wp-content\\\/uploads\\\/2017\\\/01\\\/fahrzeugwerbung_01_quer.jpg\"},{\"@type\":\"BreadcrumbList\",\"@id\":\"https:\\\/\\\/www.hauer-werbung.de\\\/index.php\\\/foliendesign\\\/#breadcrumb\",\"itemListElement\":[{\"@type\":\"ListItem\",\"position\":1,\"name\":\"Startseite\",\"item\":\"https:\\\/\\\/www.hauer-werbung.de\\\/\"},{\"@type\":\"ListItem\",\"position\":2,\"name\":\"Fahrzeugwerbung\"}]},{\"@type\":\"WebSite\",\"@id\":\"https:\\\/\\\/www.hauer-werbung.de\\\/#website\",\"url\":\"https:\\\/\\\/www.hauer-werbung.de\\\/\",\"name\":\"Hauer-Werbung\",\"description\":\"Werbung vom Fischland\",\"publisher\":{\"@id\":\"https:\\\/\\\/www.hauer-werbung.de\\\/#organization\"},\"potentialAction\":[{\"@type\":\"SearchAction\",\"target\":{\"@type\":\"EntryPoint\",\"urlTemplate\":\"https:\\\/\\\/www.hauer-werbung.de\\\/?s={search_term_string}\"},\"query-input\":{\"@type\":\"PropertyValueSpecification\",\"valueRequired\":true,\"valueName\":\"search_term_string\"}}],\"inLanguage\":\"de\"},{\"@type\":\"Organization\",\"@id\":\"https:\\\/\\\/www.hauer-werbung.de\\\/#organization\",\"name\":\"Hauer-Werbung\",\"url\":\"https:\\\/\\\/www.hauer-werbung.de\\\/\",\"logo\":{\"@type\":\"ImageObject\",\"inLanguage\":\"de\",\"@id\":\"https:\\\/\\\/www.hauer-werbung.de\\\/#\\\/schema\\\/logo\\\/image\\\/\",\"url\":\"https:\\\/\\\/www.hauer-werbung.de\\\/wp-content\\\/uploads\\\/2017\\\/01\\\/hauer-logo-farb.gif\",\"contentUrl\":\"https:\\\/\\\/www.hauer-werbung.de\\\/wp-content\\\/uploads\\\/2017\\\/01\\\/hauer-logo-farb.gif\",\"width\":1000,\"height\":285,\"caption\":\"Hauer-Werbung\"},\"image\":{\"@id\":\"https:\\\/\\\/www.hauer-werbung.de\\\/#\\\/schema\\\/logo\\\/image\\\/\"}}]}<\/script>\n<!-- \/ Yoast SEO plugin. -->","yoast_head_json":{"title":"Fahrzeugwerbung - Hauer-Werbung","robots":{"index":"index","follow":"follow","max-snippet":"max-snippet:-1","max-image-preview":"max-image-preview:large","max-video-preview":"max-video-preview:-1"},"canonical":"https:\/\/www.hauer-werbung.de\/index.php\/foliendesign\/","og_locale":"de_DE","og_type":"article","og_title":"Fahrzeugwerbung - Hauer-Werbung","og_description":"Auf fast jeder glatten Fl\u00e4che l\u00e4sst sich eine Folienbeschriftung anbringen. Ob auf Fahrzeugen, Glas, Plastik, Metall oder Schildern. Langweilige Glast\u00fcren k\u00f6nnen aufgepeppt oder Schaufenster bzw. Fahrzeuge mit Werbung versehen werden. Wir verwenden Hochleistungsfolien, die wetter- und lichtbest\u00e4ndig sind damit Sie m\u00f6glichst lange Freude an Ihrer Werbung haben. &nbsp;","og_url":"https:\/\/www.hauer-werbung.de\/index.php\/foliendesign\/","og_site_name":"Hauer-Werbung","article_modified_time":"2017-01-20T12:03:51+00:00","og_image":[{"url":"http:\/\/boddenstyle.de\/hauer_werbung\/wordpress\/wp-content\/uploads\/2017\/01\/fahrzeugwerbung_01_quer.jpg","type":"","width":"","height":""}],"twitter_card":"summary_large_image","schema":{"@context":"https:\/\/schema.org","@graph":[{"@type":"WebPage","@id":"https:\/\/www.hauer-werbung.de\/index.php\/foliendesign\/","url":"https:\/\/www.hauer-werbung.de\/index.php\/foliendesign\/","name":"Fahrzeugwerbung - Hauer-Werbung","isPartOf":{"@id":"https:\/\/www.hauer-werbung.de\/#website"},"primaryImageOfPage":{"@id":"https:\/\/www.hauer-werbung.de\/index.php\/foliendesign\/#primaryimage"},"image":{"@id":"https:\/\/www.hauer-werbung.de\/index.php\/foliendesign\/#primaryimage"},"thumbnailUrl":"http:\/\/boddenstyle.de\/hauer_werbung\/wordpress\/wp-content\/uploads\/2017\/01\/fahrzeugwerbung_01_quer.jpg","datePublished":"2017-01-11T20:42:51+00:00","dateModified":"2017-01-20T12:03:51+00:00","breadcrumb":{"@id":"https:\/\/www.hauer-werbung.de\/index.php\/foliendesign\/#breadcrumb"},"inLanguage":"de","potentialAction":[{"@type":"ReadAction","target":["https:\/\/www.hauer-werbung.de\/index.php\/foliendesign\/"]}]},{"@type":"ImageObject","inLanguage":"de","@id":"https:\/\/www.hauer-werbung.de\/index.php\/foliendesign\/#primaryimage","url":"http:\/\/boddenstyle.de\/hauer_werbung\/wordpress\/wp-content\/uploads\/2017\/01\/fahrzeugwerbung_01_quer.jpg","contentUrl":"http:\/\/boddenstyle.de\/hauer_werbung\/wordpress\/wp-content\/uploads\/2017\/01\/fahrzeugwerbung_01_quer.jpg"},{"@type":"BreadcrumbList","@id":"https:\/\/www.hauer-werbung.de\/index.php\/foliendesign\/#breadcrumb","itemListElement":[{"@type":"ListItem","position":1,"name":"Startseite","item":"https:\/\/www.hauer-werbung.de\/"},{"@type":"ListItem","position":2,"name":"Fahrzeugwerbung"}]},{"@type":"WebSite","@id":"https:\/\/www.hauer-werbung.de\/#website","url":"https:\/\/www.hauer-werbung.de\/","name":"Hauer-Werbung","description":"Werbung vom Fischland","publisher":{"@id":"https:\/\/www.hauer-werbung.de\/#organization"},"potentialAction":[{"@type":"SearchAction","target":{"@type":"EntryPoint","urlTemplate":"https:\/\/www.hauer-werbung.de\/?s={search_term_string}"},"query-input":{"@type":"PropertyValueSpecification","valueRequired":true,"valueName":"search_term_string"}}],"inLanguage":"de"},{"@type":"Organization","@id":"https:\/\/www.hauer-werbung.de\/#organization","name":"Hauer-Werbung","url":"https:\/\/www.hauer-werbung.de\/","logo":{"@type":"ImageObject","inLanguage":"de","@id":"https:\/\/www.hauer-werbung.de\/#\/schema\/logo\/image\/","url":"https:\/\/www.hauer-werbung.de\/wp-content\/uploads\/2017\/01\/hauer-logo-farb.gif","contentUrl":"https:\/\/www.hauer-werbung.de\/wp-content\/uploads\/2017\/01\/hauer-logo-farb.gif","width":1000,"height":285,"caption":"Hauer-Werbung"},"image":{"@id":"https:\/\/www.hauer-werbung.de\/#\/schema\/logo\/image\/"}}]}},"_links":{"self":[{"href":"https:\/\/www.hauer-werbung.de\/index.php\/wp-json\/wp\/v2\/pages\/157","targetHints":{"allow":["GET"]}}],"collection":[{"href":"https:\/\/www.hauer-werbung.de\/index.php\/wp-json\/wp\/v2\/pages"}],"about":[{"href":"https:\/\/www.hauer-werbung.de\/index.php\/wp-json\/wp\/v2\/types\/page"}],"author":[{"embeddable":true,"href":"https:\/\/www.hauer-werbung.de\/index.php\/wp-json\/wp\/v2\/users\/1"}],"replies":[{"embeddable":true,"href":"https:\/\/www.hauer-werbung.de\/index.php\/wp-json\/wp\/v2\/comments?post=157"}],"version-history":[{"count":13,"href":"https:\/\/www.hauer-werbung.de\/index.php\/wp-json\/wp\/v2\/pages\/157\/revisions"}],"predecessor-version":[{"id":272,"href":"https:\/\/www.hauer-werbung.de\/index.php\/wp-json\/wp\/v2\/pages\/157\/revisions\/272"}],"wp:attachment":[{"href":"https:\/\/www.hauer-werbung.de\/index.php\/wp-json\/wp\/v2\/media?parent=157"}],"curies":[{"name":"wp","href":"https:\/\/api.w.org\/{rel}","templated":true}]}}