{"id":161,"date":"2017-01-11T21:42:51","date_gmt":"2017-01-11T20:42:51","guid":{"rendered":"http:\/\/boddenstyle.de\/hauer_werbung\/wordpress\/?page_id=161"},"modified":"2017-01-20T16:50:35","modified_gmt":"2017-01-20T15:50:35","slug":"stempel","status":"publish","type":"page","link":"https:\/\/www.hauer-werbung.de\/index.php\/stempel\/","title":{"rendered":"Stempel"},"content":{"rendered":"<p><img loading=\"lazy\" decoding=\"async\" id=\"cc-m-textwithimage-image-9825406979\" class=\"alignright\" src=\"https:\/\/image.jimcdn.com\/app\/cms\/image\/transf\/dimension=376x1024:format=jpg\/path\/s4c4f7b2f2944553b\/image\/i8945e56bb2e1ab28\/version\/1442851542\/image.jpg\" sizes=\"auto, (min-width: 376px) 376px, 100vw\" srcset=\"https:\/\/image.jimcdn.com\/app\/cms\/image\/transf\/dimension=320x1024:format=jpg\/path\/s4c4f7b2f2944553b\/image\/i8945e56bb2e1ab28\/version\/1442851542\/image.jpg 320w, https:\/\/image.jimcdn.com\/app\/cms\/image\/transf\/dimension=376x1024:format=jpg\/path\/s4c4f7b2f2944553b\/image\/i8945e56bb2e1ab28\/version\/1442851542\/image.jpg 376w, https:\/\/image.jimcdn.com\/app\/cms\/image\/transf\/none\/path\/s4c4f7b2f2944553b\/image\/i8945e56bb2e1ab28\/version\/1442851542\/image.jpg 391w\" data-src-width=\"391\" data-src-height=\"455\" data-src=\"https:\/\/image.jimcdn.com\/app\/cms\/image\/transf\/dimension=376x1024:format=jpg\/path\/s4c4f7b2f2944553b\/image\/i8945e56bb2e1ab28\/version\/1442851542\/image.jpg\" data-image-id=\"6715552879\" width=\"246\" height=\"287\"><\/p>\n<figure class=\"cc-imagewrapper cc-m-image-align-2\"><\/figure>\n<p>Wir bieten neben dem klassischen Holzstempel auch eine Auswahl an verschiedenen Modellen von Automatikstempeln. F\u00fcr jeden Einsatzbereich haben wir den passenden Stempel.<br \/>\nWir fertigen die Stempelplatte hier vor Ort, so k\u00f6nnen wir schnell und g\u00fcnstig liefern.<\/p>\n<figure class=\"cc-imagewrapper cc-m-image-align-2\"><img decoding=\"async\" id=\"cc-m-textwithimage-image-9825417379\" class=\"alignleft\" src=\"https:\/\/image.jimcdn.com\/app\/cms\/image\/transf\/dimension=188x1024:format=jpg\/path\/s4c4f7b2f2944553b\/image\/i511b2ca3a766f323\/version\/1442851542\/image.jpg\" sizes=\"(min-width: 188px) 188px, 100vw\" srcset=\"https:\/\/image.jimcdn.com\/app\/cms\/image\/transf\/dimension=188x1024:format=jpg\/path\/s4c4f7b2f2944553b\/image\/i511b2ca3a766f323\/version\/1442851542\/image.jpg 188w, https:\/\/image.jimcdn.com\/app\/cms\/image\/transf\/dimension=320x1024:format=jpg\/path\/s4c4f7b2f2944553b\/image\/i511b2ca3a766f323\/version\/1442851542\/image.jpg 320w, https:\/\/image.jimcdn.com\/app\/cms\/image\/transf\/dimension=376x1024:format=jpg\/path\/s4c4f7b2f2944553b\/image\/i511b2ca3a766f323\/version\/1442851542\/image.jpg 376w\" alt=\"\" data-src-width=\"429\" data-src-height=\"400\" data-src=\"https:\/\/image.jimcdn.com\/app\/cms\/image\/transf\/dimension=188x1024:format=jpg\/path\/s4c4f7b2f2944553b\/image\/i511b2ca3a766f323\/version\/1442851542\/image.jpg\" data-image-id=\"6715571179\">Gleichzeitig bekommen Sie bei uns jederzeit ein neues Stempelkissen bzw. neue -platten einzeln. So schonen wir die Umwelt und Sie Ihren Geldbeutel.<\/figure>\n<p>&nbsp;<br \/>\n&nbsp;<br \/>\n&nbsp;<br \/>\n<img loading=\"lazy\" decoding=\"async\" class=\"alignleft size-full wp-image-284\" src=\"http:\/\/boddenstyle.de\/hauer_werbung\/wordpress\/wp-content\/uploads\/2017\/01\/Stempel_01.jpg\" alt=\"\" width=\"800\" height=\"533\" srcset=\"https:\/\/www.hauer-werbung.de\/wp-content\/uploads\/2017\/01\/Stempel_01.jpg 800w, https:\/\/www.hauer-werbung.de\/wp-content\/uploads\/2017\/01\/Stempel_01-350x233.jpg 350w, https:\/\/www.hauer-werbung.de\/wp-content\/uploads\/2017\/01\/Stempel_01-300x200.jpg 300w, https:\/\/www.hauer-werbung.de\/wp-content\/uploads\/2017\/01\/Stempel_01-768x512.jpg 768w\" sizes=\"auto, (max-width: 767px) 89vw, (max-width: 1000px) 54vw, (max-width: 1071px) 543px, 580px\" \/><\/p>\n","protected":false},"excerpt":{"rendered":"<p>Wir bieten neben dem klassischen Holzstempel auch eine Auswahl an verschiedenen Modellen von Automatikstempeln. F\u00fcr jeden Einsatzbereich haben wir den passenden Stempel. Wir fertigen die Stempelplatte hier vor Ort, so k\u00f6nnen wir schnell und g\u00fcnstig liefern. Gleichzeitig bekommen Sie bei uns jederzeit ein neues Stempelkissen bzw. neue -platten einzeln. So schonen wir die Umwelt und &hellip; <\/p>\n<p class=\"link-more\"><a href=\"https:\/\/www.hauer-werbung.de\/index.php\/stempel\/\" class=\"more-link\"><span class=\"screen-reader-text\">\u201eStempel\u201c <\/span>weiterlesen<\/a><\/p>\n","protected":false},"author":1,"featured_media":0,"parent":0,"menu_order":0,"comment_status":"closed","ping_status":"closed","template":"","meta":{"ngg_post_thumbnail":0,"footnotes":""},"class_list":["post-161","page","type-page","status-publish","hentry"],"yoast_head":"<!-- This site is optimized with the Yoast SEO plugin v27.3 - https:\/\/yoast.com\/product\/yoast-seo-wordpress\/ -->\n<title>Stempel - Hauer-Werbung<\/title>\n<meta name=\"robots\" content=\"index, follow, max-snippet:-1, max-image-preview:large, max-video-preview:-1\" \/>\n<link rel=\"canonical\" href=\"https:\/\/www.hauer-werbung.de\/index.php\/stempel\/\" \/>\n<meta property=\"og:locale\" content=\"de_DE\" \/>\n<meta property=\"og:type\" content=\"article\" \/>\n<meta property=\"og:title\" content=\"Stempel - Hauer-Werbung\" \/>\n<meta property=\"og:description\" content=\"Wir bieten neben dem klassischen Holzstempel auch eine Auswahl an verschiedenen Modellen von Automatikstempeln. F\u00fcr jeden Einsatzbereich haben wir den passenden Stempel. Wir fertigen die Stempelplatte hier vor Ort, so k\u00f6nnen wir schnell und g\u00fcnstig liefern. Gleichzeitig bekommen Sie bei uns jederzeit ein neues Stempelkissen bzw. neue -platten einzeln. So schonen wir die Umwelt und &hellip; \u201eStempel\u201c weiterlesen\" \/>\n<meta property=\"og:url\" content=\"https:\/\/www.hauer-werbung.de\/index.php\/stempel\/\" \/>\n<meta property=\"og:site_name\" content=\"Hauer-Werbung\" \/>\n<meta property=\"article:modified_time\" content=\"2017-01-20T15:50:35+00:00\" \/>\n<meta property=\"og:image\" content=\"https:\/\/image.jimcdn.com\/app\/cms\/image\/transf\/dimension=376x1024:format=jpg\/path\/s4c4f7b2f2944553b\/image\/i8945e56bb2e1ab28\/version\/1442851542\/image.jpg\" \/>\n<meta name=\"twitter:card\" content=\"summary_large_image\" \/>\n<script type=\"application\/ld+json\" class=\"yoast-schema-graph\">{\"@context\":\"https:\\\/\\\/schema.org\",\"@graph\":[{\"@type\":\"WebPage\",\"@id\":\"https:\\\/\\\/www.hauer-werbung.de\\\/index.php\\\/stempel\\\/\",\"url\":\"https:\\\/\\\/www.hauer-werbung.de\\\/index.php\\\/stempel\\\/\",\"name\":\"Stempel - Hauer-Werbung\",\"isPartOf\":{\"@id\":\"https:\\\/\\\/www.hauer-werbung.de\\\/#website\"},\"primaryImageOfPage\":{\"@id\":\"https:\\\/\\\/www.hauer-werbung.de\\\/index.php\\\/stempel\\\/#primaryimage\"},\"image\":{\"@id\":\"https:\\\/\\\/www.hauer-werbung.de\\\/index.php\\\/stempel\\\/#primaryimage\"},\"thumbnailUrl\":\"https:\\\/\\\/image.jimcdn.com\\\/app\\\/cms\\\/image\\\/transf\\\/dimension=376x1024:format=jpg\\\/path\\\/s4c4f7b2f2944553b\\\/image\\\/i8945e56bb2e1ab28\\\/version\\\/1442851542\\\/image.jpg\",\"datePublished\":\"2017-01-11T20:42:51+00:00\",\"dateModified\":\"2017-01-20T15:50:35+00:00\",\"breadcrumb\":{\"@id\":\"https:\\\/\\\/www.hauer-werbung.de\\\/index.php\\\/stempel\\\/#breadcrumb\"},\"inLanguage\":\"de\",\"potentialAction\":[{\"@type\":\"ReadAction\",\"target\":[\"https:\\\/\\\/www.hauer-werbung.de\\\/index.php\\\/stempel\\\/\"]}]},{\"@type\":\"ImageObject\",\"inLanguage\":\"de\",\"@id\":\"https:\\\/\\\/www.hauer-werbung.de\\\/index.php\\\/stempel\\\/#primaryimage\",\"url\":\"https:\\\/\\\/image.jimcdn.com\\\/app\\\/cms\\\/image\\\/transf\\\/dimension=376x1024:format=jpg\\\/path\\\/s4c4f7b2f2944553b\\\/image\\\/i8945e56bb2e1ab28\\\/version\\\/1442851542\\\/image.jpg\",\"contentUrl\":\"https:\\\/\\\/image.jimcdn.com\\\/app\\\/cms\\\/image\\\/transf\\\/dimension=376x1024:format=jpg\\\/path\\\/s4c4f7b2f2944553b\\\/image\\\/i8945e56bb2e1ab28\\\/version\\\/1442851542\\\/image.jpg\"},{\"@type\":\"BreadcrumbList\",\"@id\":\"https:\\\/\\\/www.hauer-werbung.de\\\/index.php\\\/stempel\\\/#breadcrumb\",\"itemListElement\":[{\"@type\":\"ListItem\",\"position\":1,\"name\":\"Startseite\",\"item\":\"https:\\\/\\\/www.hauer-werbung.de\\\/\"},{\"@type\":\"ListItem\",\"position\":2,\"name\":\"Stempel\"}]},{\"@type\":\"WebSite\",\"@id\":\"https:\\\/\\\/www.hauer-werbung.de\\\/#website\",\"url\":\"https:\\\/\\\/www.hauer-werbung.de\\\/\",\"name\":\"Hauer-Werbung\",\"description\":\"Werbung vom Fischland\",\"publisher\":{\"@id\":\"https:\\\/\\\/www.hauer-werbung.de\\\/#organization\"},\"potentialAction\":[{\"@type\":\"SearchAction\",\"target\":{\"@type\":\"EntryPoint\",\"urlTemplate\":\"https:\\\/\\\/www.hauer-werbung.de\\\/?s={search_term_string}\"},\"query-input\":{\"@type\":\"PropertyValueSpecification\",\"valueRequired\":true,\"valueName\":\"search_term_string\"}}],\"inLanguage\":\"de\"},{\"@type\":\"Organization\",\"@id\":\"https:\\\/\\\/www.hauer-werbung.de\\\/#organization\",\"name\":\"Hauer-Werbung\",\"url\":\"https:\\\/\\\/www.hauer-werbung.de\\\/\",\"logo\":{\"@type\":\"ImageObject\",\"inLanguage\":\"de\",\"@id\":\"https:\\\/\\\/www.hauer-werbung.de\\\/#\\\/schema\\\/logo\\\/image\\\/\",\"url\":\"https:\\\/\\\/www.hauer-werbung.de\\\/wp-content\\\/uploads\\\/2017\\\/01\\\/hauer-logo-farb.gif\",\"contentUrl\":\"https:\\\/\\\/www.hauer-werbung.de\\\/wp-content\\\/uploads\\\/2017\\\/01\\\/hauer-logo-farb.gif\",\"width\":1000,\"height\":285,\"caption\":\"Hauer-Werbung\"},\"image\":{\"@id\":\"https:\\\/\\\/www.hauer-werbung.de\\\/#\\\/schema\\\/logo\\\/image\\\/\"}}]}<\/script>\n<!-- \/ Yoast SEO plugin. -->","yoast_head_json":{"title":"Stempel - Hauer-Werbung","robots":{"index":"index","follow":"follow","max-snippet":"max-snippet:-1","max-image-preview":"max-image-preview:large","max-video-preview":"max-video-preview:-1"},"canonical":"https:\/\/www.hauer-werbung.de\/index.php\/stempel\/","og_locale":"de_DE","og_type":"article","og_title":"Stempel - Hauer-Werbung","og_description":"Wir bieten neben dem klassischen Holzstempel auch eine Auswahl an verschiedenen Modellen von Automatikstempeln. F\u00fcr jeden Einsatzbereich haben wir den passenden Stempel. Wir fertigen die Stempelplatte hier vor Ort, so k\u00f6nnen wir schnell und g\u00fcnstig liefern. Gleichzeitig bekommen Sie bei uns jederzeit ein neues Stempelkissen bzw. neue -platten einzeln. So schonen wir die Umwelt und &hellip; \u201eStempel\u201c weiterlesen","og_url":"https:\/\/www.hauer-werbung.de\/index.php\/stempel\/","og_site_name":"Hauer-Werbung","article_modified_time":"2017-01-20T15:50:35+00:00","og_image":[{"url":"https:\/\/image.jimcdn.com\/app\/cms\/image\/transf\/dimension=376x1024:format=jpg\/path\/s4c4f7b2f2944553b\/image\/i8945e56bb2e1ab28\/version\/1442851542\/image.jpg","type":"","width":"","height":""}],"twitter_card":"summary_large_image","schema":{"@context":"https:\/\/schema.org","@graph":[{"@type":"WebPage","@id":"https:\/\/www.hauer-werbung.de\/index.php\/stempel\/","url":"https:\/\/www.hauer-werbung.de\/index.php\/stempel\/","name":"Stempel - Hauer-Werbung","isPartOf":{"@id":"https:\/\/www.hauer-werbung.de\/#website"},"primaryImageOfPage":{"@id":"https:\/\/www.hauer-werbung.de\/index.php\/stempel\/#primaryimage"},"image":{"@id":"https:\/\/www.hauer-werbung.de\/index.php\/stempel\/#primaryimage"},"thumbnailUrl":"https:\/\/image.jimcdn.com\/app\/cms\/image\/transf\/dimension=376x1024:format=jpg\/path\/s4c4f7b2f2944553b\/image\/i8945e56bb2e1ab28\/version\/1442851542\/image.jpg","datePublished":"2017-01-11T20:42:51+00:00","dateModified":"2017-01-20T15:50:35+00:00","breadcrumb":{"@id":"https:\/\/www.hauer-werbung.de\/index.php\/stempel\/#breadcrumb"},"inLanguage":"de","potentialAction":[{"@type":"ReadAction","target":["https:\/\/www.hauer-werbung.de\/index.php\/stempel\/"]}]},{"@type":"ImageObject","inLanguage":"de","@id":"https:\/\/www.hauer-werbung.de\/index.php\/stempel\/#primaryimage","url":"https:\/\/image.jimcdn.com\/app\/cms\/image\/transf\/dimension=376x1024:format=jpg\/path\/s4c4f7b2f2944553b\/image\/i8945e56bb2e1ab28\/version\/1442851542\/image.jpg","contentUrl":"https:\/\/image.jimcdn.com\/app\/cms\/image\/transf\/dimension=376x1024:format=jpg\/path\/s4c4f7b2f2944553b\/image\/i8945e56bb2e1ab28\/version\/1442851542\/image.jpg"},{"@type":"BreadcrumbList","@id":"https:\/\/www.hauer-werbung.de\/index.php\/stempel\/#breadcrumb","itemListElement":[{"@type":"ListItem","position":1,"name":"Startseite","item":"https:\/\/www.hauer-werbung.de\/"},{"@type":"ListItem","position":2,"name":"Stempel"}]},{"@type":"WebSite","@id":"https:\/\/www.hauer-werbung.de\/#website","url":"https:\/\/www.hauer-werbung.de\/","name":"Hauer-Werbung","description":"Werbung vom Fischland","publisher":{"@id":"https:\/\/www.hauer-werbung.de\/#organization"},"potentialAction":[{"@type":"SearchAction","target":{"@type":"EntryPoint","urlTemplate":"https:\/\/www.hauer-werbung.de\/?s={search_term_string}"},"query-input":{"@type":"PropertyValueSpecification","valueRequired":true,"valueName":"search_term_string"}}],"inLanguage":"de"},{"@type":"Organization","@id":"https:\/\/www.hauer-werbung.de\/#organization","name":"Hauer-Werbung","url":"https:\/\/www.hauer-werbung.de\/","logo":{"@type":"ImageObject","inLanguage":"de","@id":"https:\/\/www.hauer-werbung.de\/#\/schema\/logo\/image\/","url":"https:\/\/www.hauer-werbung.de\/wp-content\/uploads\/2017\/01\/hauer-logo-farb.gif","contentUrl":"https:\/\/www.hauer-werbung.de\/wp-content\/uploads\/2017\/01\/hauer-logo-farb.gif","width":1000,"height":285,"caption":"Hauer-Werbung"},"image":{"@id":"https:\/\/www.hauer-werbung.de\/#\/schema\/logo\/image\/"}}]}},"_links":{"self":[{"href":"https:\/\/www.hauer-werbung.de\/index.php\/wp-json\/wp\/v2\/pages\/161","targetHints":{"allow":["GET"]}}],"collection":[{"href":"https:\/\/www.hauer-werbung.de\/index.php\/wp-json\/wp\/v2\/pages"}],"about":[{"href":"https:\/\/www.hauer-werbung.de\/index.php\/wp-json\/wp\/v2\/types\/page"}],"author":[{"embeddable":true,"href":"https:\/\/www.hauer-werbung.de\/index.php\/wp-json\/wp\/v2\/users\/1"}],"replies":[{"embeddable":true,"href":"https:\/\/www.hauer-werbung.de\/index.php\/wp-json\/wp\/v2\/comments?post=161"}],"version-history":[{"count":11,"href":"https:\/\/www.hauer-werbung.de\/index.php\/wp-json\/wp\/v2\/pages\/161\/revisions"}],"predecessor-version":[{"id":290,"href":"https:\/\/www.hauer-werbung.de\/index.php\/wp-json\/wp\/v2\/pages\/161\/revisions\/290"}],"wp:attachment":[{"href":"https:\/\/www.hauer-werbung.de\/index.php\/wp-json\/wp\/v2\/media?parent=161"}],"curies":[{"name":"wp","href":"https:\/\/api.w.org\/{rel}","templated":true}]}}