{"id":163,"date":"2017-01-11T21:42:51","date_gmt":"2017-01-11T20:42:51","guid":{"rendered":"http:\/\/boddenstyle.de\/hauer_werbung\/wordpress\/?page_id=163"},"modified":"2020-10-13T14:40:33","modified_gmt":"2020-10-13T12:40:33","slug":"gravuren","status":"publish","type":"page","link":"https:\/\/www.hauer-werbung.de\/index.php\/gravuren\/","title":{"rendered":"Gravuren"},"content":{"rendered":"\n<figure class=\"wp-block-gallery columns-0 is-cropped wp-block-gallery-1 is-layout-flex wp-block-gallery-is-layout-flex\"><ul class=\"blocks-gallery-grid\"><\/ul><\/figure>\n\n\n<p><img loading=\"lazy\" decoding=\"async\" class=\"wp-image-394 alignright\" src=\"https:\/\/www.hauer-werbung.de\/wp-content\/uploads\/2019\/11\/Haarspange.jpg\" alt=\"\" width=\"301\" height=\"226\" srcset=\"https:\/\/www.hauer-werbung.de\/wp-content\/uploads\/2019\/11\/Haarspange.jpg 1600w, https:\/\/www.hauer-werbung.de\/wp-content\/uploads\/2019\/11\/Haarspange-350x263.jpg 350w, https:\/\/www.hauer-werbung.de\/wp-content\/uploads\/2019\/11\/Haarspange-300x225.jpg 300w, https:\/\/www.hauer-werbung.de\/wp-content\/uploads\/2019\/11\/Haarspange-768x576.jpg 768w, https:\/\/www.hauer-werbung.de\/wp-content\/uploads\/2019\/11\/Haarspange-1024x768.jpg 1024w\" sizes=\"auto, (max-width: 301px) 100vw, 301px\" \/>Wir gravieren alles. Vom kleinen Schmuckanh\u00e4nger bis hin zu gro\u00dfen Messingschildern.<\/p>\n<p>Hier finden Sie unser Angebot:<\/p>\n<ul>\n<li>Bestecke<\/li>\n<li>Becher<\/li>\n<li>Siegel<\/li>\n<li>Pr\u00e4gestempel und -zangen<\/li>\n<li>Manschettenkn\u00f6pfe<\/li>\n<li>Ringe &amp; Schmuck<\/li>\n<li>Uhren<\/li>\n<li>Feuerzeuge &amp; Flachm\u00e4nner<\/li>\n<li>Modelle<\/li>\n<li>Schilder (Elektro, Haust\u00fcr, Klingel, Messing, Edelstahl etc.)<\/li>\n<li>Div. Stempel<\/li>\n<\/ul>\n<p><img loading=\"lazy\" decoding=\"async\" class=\"wp-image-392 alignleft\" src=\"https:\/\/www.hauer-werbung.de\/wp-content\/uploads\/2019\/10\/Gravur_Herz-scaled-e1602591224469.jpg\" alt=\"\" width=\"140\" height=\"173\" srcset=\"https:\/\/www.hauer-werbung.de\/wp-content\/uploads\/2019\/10\/Gravur_Herz-scaled-e1602591224469.jpg 1433w, https:\/\/www.hauer-werbung.de\/wp-content\/uploads\/2019\/10\/Gravur_Herz-scaled-e1602591224469-350x433.jpg 350w, https:\/\/www.hauer-werbung.de\/wp-content\/uploads\/2019\/10\/Gravur_Herz-scaled-e1602591224469-243x300.jpg 243w, https:\/\/www.hauer-werbung.de\/wp-content\/uploads\/2019\/10\/Gravur_Herz-scaled-e1602591224469-768x950.jpg 768w, https:\/\/www.hauer-werbung.de\/wp-content\/uploads\/2019\/10\/Gravur_Herz-scaled-e1602591224469-828x1024.jpg 828w, https:\/\/www.hauer-werbung.de\/wp-content\/uploads\/2019\/10\/Gravur_Herz-scaled-e1602591224469-1242x1536.jpg 1242w\" sizes=\"auto, (max-width: 140px) 100vw, 140px\" \/><\/p>\n\n\n<p>Suchen Sie einen Artikel oder eine ganz spezielle Leistung, die hier nicht aufgef\u00fchrt ist, so rufen Sie uns einfach unter 03821 81 01 36 an.<\/p>\n\n\n\n<p>Und auf Anfrage auch ganz Au\u00dfergw\u00f6hnliches wie Spaten, I Pod, Div. H\u00f6lzer (Fr\u00fchst\u00fccksbrettchen, Etiketten, Aufsteller) oder Flaschen.<\/p>\n\n\n\n<div class=\"wp-block-image\"><figure class=\"aligncenter size-large is-resized\"><img loading=\"lazy\" decoding=\"async\" src=\"https:\/\/www.hauer-werbung.de\/wp-content\/uploads\/2020\/10\/Gruppenbild_Gravur-1024x730.jpg\" alt=\"\" class=\"wp-image-580\" width=\"952\" height=\"677\" srcset=\"https:\/\/www.hauer-werbung.de\/wp-content\/uploads\/2020\/10\/Gruppenbild_Gravur-300x214.jpg 300w, https:\/\/www.hauer-werbung.de\/wp-content\/uploads\/2020\/10\/Gruppenbild_Gravur-768x547.jpg 768w, https:\/\/www.hauer-werbung.de\/wp-content\/uploads\/2020\/10\/Gruppenbild_Gravur-350x249.jpg 350w\" sizes=\"auto, (max-width: 767px) 89vw, (max-width: 1000px) 54vw, (max-width: 1071px) 543px, 580px\" \/><\/figure><\/div>\n","protected":false},"excerpt":{"rendered":"<p>Wir gravieren alles. Vom kleinen Schmuckanh\u00e4nger bis hin zu gro\u00dfen Messingschildern. Hier finden Sie unser Angebot: Bestecke Becher Siegel Pr\u00e4gestempel und -zangen Manschettenkn\u00f6pfe Ringe &amp; Schmuck Uhren Feuerzeuge &amp; Flachm\u00e4nner Modelle Schilder (Elektro, Haust\u00fcr, Klingel, Messing, Edelstahl etc.) Div. Stempel Suchen Sie einen Artikel oder eine ganz spezielle Leistung, die hier nicht aufgef\u00fchrt ist, so &hellip; <\/p>\n<p class=\"link-more\"><a href=\"https:\/\/www.hauer-werbung.de\/index.php\/gravuren\/\" class=\"more-link\"><span class=\"screen-reader-text\">\u201eGravuren\u201c <\/span>weiterlesen<\/a><\/p>\n","protected":false},"author":1,"featured_media":0,"parent":0,"menu_order":0,"comment_status":"closed","ping_status":"closed","template":"","meta":{"ngg_post_thumbnail":10,"footnotes":""},"class_list":["post-163","page","type-page","status-publish","hentry"],"yoast_head":"<!-- This site is optimized with the Yoast SEO plugin v27.4 - https:\/\/yoast.com\/product\/yoast-seo-wordpress\/ -->\n<title>Gravuren - Hauer-Werbung<\/title>\n<meta name=\"robots\" content=\"index, follow, max-snippet:-1, max-image-preview:large, max-video-preview:-1\" \/>\n<link rel=\"canonical\" href=\"https:\/\/www.hauer-werbung.de\/index.php\/gravuren\/\" \/>\n<meta property=\"og:locale\" content=\"de_DE\" \/>\n<meta property=\"og:type\" content=\"article\" \/>\n<meta property=\"og:title\" content=\"Gravuren - Hauer-Werbung\" \/>\n<meta property=\"og:description\" content=\"Wir gravieren alles. Vom kleinen Schmuckanh\u00e4nger bis hin zu gro\u00dfen Messingschildern. Hier finden Sie unser Angebot: Bestecke Becher Siegel Pr\u00e4gestempel und -zangen Manschettenkn\u00f6pfe Ringe &amp; Schmuck Uhren Feuerzeuge &amp; Flachm\u00e4nner Modelle Schilder (Elektro, Haust\u00fcr, Klingel, Messing, Edelstahl etc.) Div. Stempel Suchen Sie einen Artikel oder eine ganz spezielle Leistung, die hier nicht aufgef\u00fchrt ist, so &hellip; \u201eGravuren\u201c weiterlesen\" \/>\n<meta property=\"og:url\" content=\"https:\/\/www.hauer-werbung.de\/index.php\/gravuren\/\" \/>\n<meta property=\"og:site_name\" content=\"Hauer-Werbung\" \/>\n<meta property=\"article:modified_time\" content=\"2020-10-13T12:40:33+00:00\" \/>\n<meta property=\"og:image\" content=\"http:\/\/www.hauer-werbung.de\/wp-content\/uploads\/2019\/11\/Haarspange.jpg\" \/>\n<meta name=\"twitter:card\" content=\"summary_large_image\" \/>\n<script type=\"application\/ld+json\" class=\"yoast-schema-graph\">{\"@context\":\"https:\\\/\\\/schema.org\",\"@graph\":[{\"@type\":\"WebPage\",\"@id\":\"https:\\\/\\\/www.hauer-werbung.de\\\/index.php\\\/gravuren\\\/\",\"url\":\"https:\\\/\\\/www.hauer-werbung.de\\\/index.php\\\/gravuren\\\/\",\"name\":\"Gravuren - Hauer-Werbung\",\"isPartOf\":{\"@id\":\"https:\\\/\\\/www.hauer-werbung.de\\\/#website\"},\"primaryImageOfPage\":{\"@id\":\"https:\\\/\\\/www.hauer-werbung.de\\\/index.php\\\/gravuren\\\/#primaryimage\"},\"image\":{\"@id\":\"https:\\\/\\\/www.hauer-werbung.de\\\/index.php\\\/gravuren\\\/#primaryimage\"},\"thumbnailUrl\":\"http:\\\/\\\/www.hauer-werbung.de\\\/wp-content\\\/uploads\\\/2019\\\/11\\\/Haarspange.jpg\",\"datePublished\":\"2017-01-11T20:42:51+00:00\",\"dateModified\":\"2020-10-13T12:40:33+00:00\",\"breadcrumb\":{\"@id\":\"https:\\\/\\\/www.hauer-werbung.de\\\/index.php\\\/gravuren\\\/#breadcrumb\"},\"inLanguage\":\"de\",\"potentialAction\":[{\"@type\":\"ReadAction\",\"target\":[\"https:\\\/\\\/www.hauer-werbung.de\\\/index.php\\\/gravuren\\\/\"]}]},{\"@type\":\"ImageObject\",\"inLanguage\":\"de\",\"@id\":\"https:\\\/\\\/www.hauer-werbung.de\\\/index.php\\\/gravuren\\\/#primaryimage\",\"url\":\"https:\\\/\\\/www.hauer-werbung.de\\\/wp-content\\\/uploads\\\/2019\\\/11\\\/Haarspange.jpg\",\"contentUrl\":\"https:\\\/\\\/www.hauer-werbung.de\\\/wp-content\\\/uploads\\\/2019\\\/11\\\/Haarspange.jpg\",\"width\":1600,\"height\":1200},{\"@type\":\"BreadcrumbList\",\"@id\":\"https:\\\/\\\/www.hauer-werbung.de\\\/index.php\\\/gravuren\\\/#breadcrumb\",\"itemListElement\":[{\"@type\":\"ListItem\",\"position\":1,\"name\":\"Startseite\",\"item\":\"https:\\\/\\\/www.hauer-werbung.de\\\/\"},{\"@type\":\"ListItem\",\"position\":2,\"name\":\"Gravuren\"}]},{\"@type\":\"WebSite\",\"@id\":\"https:\\\/\\\/www.hauer-werbung.de\\\/#website\",\"url\":\"https:\\\/\\\/www.hauer-werbung.de\\\/\",\"name\":\"Hauer-Werbung\",\"description\":\"Werbung vom Fischland\",\"publisher\":{\"@id\":\"https:\\\/\\\/www.hauer-werbung.de\\\/#organization\"},\"potentialAction\":[{\"@type\":\"SearchAction\",\"target\":{\"@type\":\"EntryPoint\",\"urlTemplate\":\"https:\\\/\\\/www.hauer-werbung.de\\\/?s={search_term_string}\"},\"query-input\":{\"@type\":\"PropertyValueSpecification\",\"valueRequired\":true,\"valueName\":\"search_term_string\"}}],\"inLanguage\":\"de\"},{\"@type\":\"Organization\",\"@id\":\"https:\\\/\\\/www.hauer-werbung.de\\\/#organization\",\"name\":\"Hauer-Werbung\",\"url\":\"https:\\\/\\\/www.hauer-werbung.de\\\/\",\"logo\":{\"@type\":\"ImageObject\",\"inLanguage\":\"de\",\"@id\":\"https:\\\/\\\/www.hauer-werbung.de\\\/#\\\/schema\\\/logo\\\/image\\\/\",\"url\":\"https:\\\/\\\/www.hauer-werbung.de\\\/wp-content\\\/uploads\\\/2017\\\/01\\\/hauer-logo-farb.gif\",\"contentUrl\":\"https:\\\/\\\/www.hauer-werbung.de\\\/wp-content\\\/uploads\\\/2017\\\/01\\\/hauer-logo-farb.gif\",\"width\":1000,\"height\":285,\"caption\":\"Hauer-Werbung\"},\"image\":{\"@id\":\"https:\\\/\\\/www.hauer-werbung.de\\\/#\\\/schema\\\/logo\\\/image\\\/\"}}]}<\/script>\n<!-- \/ Yoast SEO plugin. -->","yoast_head_json":{"title":"Gravuren - Hauer-Werbung","robots":{"index":"index","follow":"follow","max-snippet":"max-snippet:-1","max-image-preview":"max-image-preview:large","max-video-preview":"max-video-preview:-1"},"canonical":"https:\/\/www.hauer-werbung.de\/index.php\/gravuren\/","og_locale":"de_DE","og_type":"article","og_title":"Gravuren - Hauer-Werbung","og_description":"Wir gravieren alles. Vom kleinen Schmuckanh\u00e4nger bis hin zu gro\u00dfen Messingschildern. Hier finden Sie unser Angebot: Bestecke Becher Siegel Pr\u00e4gestempel und -zangen Manschettenkn\u00f6pfe Ringe &amp; Schmuck Uhren Feuerzeuge &amp; Flachm\u00e4nner Modelle Schilder (Elektro, Haust\u00fcr, Klingel, Messing, Edelstahl etc.) Div. Stempel Suchen Sie einen Artikel oder eine ganz spezielle Leistung, die hier nicht aufgef\u00fchrt ist, so &hellip; \u201eGravuren\u201c weiterlesen","og_url":"https:\/\/www.hauer-werbung.de\/index.php\/gravuren\/","og_site_name":"Hauer-Werbung","article_modified_time":"2020-10-13T12:40:33+00:00","og_image":[{"url":"http:\/\/www.hauer-werbung.de\/wp-content\/uploads\/2019\/11\/Haarspange.jpg","type":"","width":"","height":""}],"twitter_card":"summary_large_image","schema":{"@context":"https:\/\/schema.org","@graph":[{"@type":"WebPage","@id":"https:\/\/www.hauer-werbung.de\/index.php\/gravuren\/","url":"https:\/\/www.hauer-werbung.de\/index.php\/gravuren\/","name":"Gravuren - Hauer-Werbung","isPartOf":{"@id":"https:\/\/www.hauer-werbung.de\/#website"},"primaryImageOfPage":{"@id":"https:\/\/www.hauer-werbung.de\/index.php\/gravuren\/#primaryimage"},"image":{"@id":"https:\/\/www.hauer-werbung.de\/index.php\/gravuren\/#primaryimage"},"thumbnailUrl":"http:\/\/www.hauer-werbung.de\/wp-content\/uploads\/2019\/11\/Haarspange.jpg","datePublished":"2017-01-11T20:42:51+00:00","dateModified":"2020-10-13T12:40:33+00:00","breadcrumb":{"@id":"https:\/\/www.hauer-werbung.de\/index.php\/gravuren\/#breadcrumb"},"inLanguage":"de","potentialAction":[{"@type":"ReadAction","target":["https:\/\/www.hauer-werbung.de\/index.php\/gravuren\/"]}]},{"@type":"ImageObject","inLanguage":"de","@id":"https:\/\/www.hauer-werbung.de\/index.php\/gravuren\/#primaryimage","url":"https:\/\/www.hauer-werbung.de\/wp-content\/uploads\/2019\/11\/Haarspange.jpg","contentUrl":"https:\/\/www.hauer-werbung.de\/wp-content\/uploads\/2019\/11\/Haarspange.jpg","width":1600,"height":1200},{"@type":"BreadcrumbList","@id":"https:\/\/www.hauer-werbung.de\/index.php\/gravuren\/#breadcrumb","itemListElement":[{"@type":"ListItem","position":1,"name":"Startseite","item":"https:\/\/www.hauer-werbung.de\/"},{"@type":"ListItem","position":2,"name":"Gravuren"}]},{"@type":"WebSite","@id":"https:\/\/www.hauer-werbung.de\/#website","url":"https:\/\/www.hauer-werbung.de\/","name":"Hauer-Werbung","description":"Werbung vom Fischland","publisher":{"@id":"https:\/\/www.hauer-werbung.de\/#organization"},"potentialAction":[{"@type":"SearchAction","target":{"@type":"EntryPoint","urlTemplate":"https:\/\/www.hauer-werbung.de\/?s={search_term_string}"},"query-input":{"@type":"PropertyValueSpecification","valueRequired":true,"valueName":"search_term_string"}}],"inLanguage":"de"},{"@type":"Organization","@id":"https:\/\/www.hauer-werbung.de\/#organization","name":"Hauer-Werbung","url":"https:\/\/www.hauer-werbung.de\/","logo":{"@type":"ImageObject","inLanguage":"de","@id":"https:\/\/www.hauer-werbung.de\/#\/schema\/logo\/image\/","url":"https:\/\/www.hauer-werbung.de\/wp-content\/uploads\/2017\/01\/hauer-logo-farb.gif","contentUrl":"https:\/\/www.hauer-werbung.de\/wp-content\/uploads\/2017\/01\/hauer-logo-farb.gif","width":1000,"height":285,"caption":"Hauer-Werbung"},"image":{"@id":"https:\/\/www.hauer-werbung.de\/#\/schema\/logo\/image\/"}}]}},"_links":{"self":[{"href":"https:\/\/www.hauer-werbung.de\/index.php\/wp-json\/wp\/v2\/pages\/163","targetHints":{"allow":["GET"]}}],"collection":[{"href":"https:\/\/www.hauer-werbung.de\/index.php\/wp-json\/wp\/v2\/pages"}],"about":[{"href":"https:\/\/www.hauer-werbung.de\/index.php\/wp-json\/wp\/v2\/types\/page"}],"author":[{"embeddable":true,"href":"https:\/\/www.hauer-werbung.de\/index.php\/wp-json\/wp\/v2\/users\/1"}],"replies":[{"embeddable":true,"href":"https:\/\/www.hauer-werbung.de\/index.php\/wp-json\/wp\/v2\/comments?post=163"}],"version-history":[{"count":17,"href":"https:\/\/www.hauer-werbung.de\/index.php\/wp-json\/wp\/v2\/pages\/163\/revisions"}],"predecessor-version":[{"id":584,"href":"https:\/\/www.hauer-werbung.de\/index.php\/wp-json\/wp\/v2\/pages\/163\/revisions\/584"}],"wp:attachment":[{"href":"https:\/\/www.hauer-werbung.de\/index.php\/wp-json\/wp\/v2\/media?parent=163"}],"curies":[{"name":"wp","href":"https:\/\/api.w.org\/{rel}","templated":true}]}}